6)/4 + 0).
7, 53
Suppose f + 3*h + 9 = 0, -4*f + 5 + 14 = h. Let u = f + 6. What are the prime factors of u?
2, 3
Suppose -3*t = 15, x = -t - 3*t - 18. Suppose 0 = 3*z + 3*k - 159, -2*z + 98 = -0*z - x*k. What are the prime factors of z?
3, 17
Suppose -4*w = 3*a - 35, -2*a = 4*w - 2*w - 22. Let i(z) = z**3 - 10*z**2 + 9*z + 1. Let n be i(a). List the prime factors of 4*(0 + n) + 2.
2, 3
Let a(f) = f**2 + 3*f - 4. Let h be a(2). Suppose -379 = -h*k + 887. What are the prime factors of k?
211
Let j = -50 + 15. Let h = j - -63. What are the prime factors of h?
2, 7
What are the prime factors of (12/(-8))/(-3) + 1161/2?
7, 83
Let q = 90 - 83. Suppose -q*z + 295 = -2*z. What are the prime factors of z?
59
List the prime factors of 4/1*(3 + 98 + 8).
2, 109
Let p(v) = -73*v - 112. List the prime factors of p(-8).
2, 59
Let i(q) = 41*q - 216. What are the prime factors of i(32)?
2, 137
Let a = 131 + -129. Suppose 6*d = a*d + 356. What are the prime factors of d?
89
Suppose 9*o - 15192 = 6147. What are the prime factors of o?
2371
Let m be (-6)/21 - (-15305)/35. Let w = -729 + m. What are the prime factors of 1/(3 + w/98)?
7
Suppose -2*k - 22 = -2*g, k - 4*k + 9 = 4*g. Suppose 4*j + 68 = g*j. List the prime factors of (j/(-4))/((-1)/2).
17
Let p(x) = 20*x - 13 + 18*x - 30*x. List the prime factors of p(2).
3
Suppose h - 600 = -4*h. Suppose 2*g - 2*y = h, 2*g + 2*y - 75 = g. Suppose 0*b + g = 5*b. What are the prime factors of b?
13
Suppose 2*z = 4*z - 396. Suppose 19*y + z = 22*y. List the prime factors of y.
2, 3, 11
Suppose -80 = -0*s - 5*s. Let g = 14 - s. List the prime factors of ((-3)/g)/((-12)/(-272)).
2, 17
Let g(v) = -3. Let d(j) = 1. Let h(z) = -12*d(z) + g(z). Let f(i) = i - 16. Let u(c) = 3*f(c) - 4*h(c). What are the prime factors of u(10)?
2, 3, 7
Let f = -85 - -5244. What are the prime factors of f?
7, 11, 67
Let l(u) = 8*u**2 + 15*u - 8. What are the prime factors of l(-8)?
2, 3
Let h = -51 - -61. What are the prime factors of 61*5/h + (-2)/(-4)?
31
Let h = 362 - 107. Let m = -139 + h. List the prime factors of m.
2, 29
Let a(x) = -x**2 - 45*x + 100. What are the prime factors of a(-31)?
2, 3, 89
Suppose -7*m + 3*m = 180. Let p be 14/21 + (-7732)/6 + 1. What are the prime factors of p/m - (-6)/(-10)?
2, 7
Let q be ((-48)/(-10))/(-4 + (-43)/(-10)). List the prime factors of (-3 - -1)*(-248)/q.
31
Let x = -364 + 172. List the prime factors of (-2)/6*x/8.
2
Let b = -7 - 45. Let x = -40 - b. What are the prime factors of x?
2, 3
List the prime factors of -2 + (-2800)/(-15) - (-8)/(-12).
2, 23
Suppose -x = 32*x - 83622. List the prime factors of x.
2, 7, 181
Let w = -61 + 109. Suppose 0*n = 2*n - w. Suppose -4*o - n = -2*s, s + 4 - 2 = -5*o. List the prime factors of s.
2
Let i = 20 - 17. List the prime factors of 1*(i - 2) + 55.
2, 7
Suppose -3*y = 17 + 106. Suppose -z - 268 = -5*z. Let s = z + y. What are the prime factors of s?
2, 13
Suppose -6*j - 48*j + 50436 = 0. List the prime factors of j.
2, 467
Let i(o) = -o**2 + 13*o + 15. Let y be i(15). Let u = -12 - y. Suppose -48 - 27 = -u*d. List the prime factors of d.
5
Let v(j) = 62*j - 75. List the prime factors of v(10).
5, 109
Suppose -5*v + 924 = 3*j, -8*v = 2*j - 4*v - 616. What are the prime factors of j?
2, 7, 11
Suppose -4*l - 15 = -123. What are the prime factors of (-6)/(-27) + 426/l?
2
Let x = -3 - -4. Let j(v) = -v**3 - 4*v**2 + 2*v + 6. Let q be j(-4). What are the prime factors of 29 + (q - x) - -3?
29
Let c = 182 - 100. Let g = -44 + c. What are the prime factors of g?
2, 19
Let q(h) = -h + 24 + 26*h - h - h. List the prime factors of q(12).
2, 3, 5
Suppose -74460 = -93*k + 42*k. What are the prime factors of k?
2, 5, 73
Let l = 4 - 2. Suppose l*b - 18 = -2*i, 10 = 6*i - 4*i. Suppose 2*z + 4*p - 24 = 0, -p - 2*p + 23 = b*z. What are the prime factors of z?
2
Suppose -4 + 8 = 2*a. Suppose 2*w - 140 = -5*o + 5, w + a*o - 71 = 0. List the prime factors of w.
5, 13
Let f(k) = 3*k**2 - 2*k. Let n be f(-2). Let h be (n/(-6))/((-6)/207). Suppose 2*j - h = -34. What are the prime factors of j?
29
Let l(x) = -1. Let w(m) = 27*m**2 + 7*m - 5. Let v(g) = 4*l(g) + w(g). What are the prime factors of v(2)?
113
Let w be (-30)/(-9) + (-4)/(-6). Suppose 0 = -3*j - 4*f - 3 - 4, -w = 4*f. What are the prime factors of 25 - (-2 - (j + -4))?
2, 11
Suppose -3*k + 30 = 3*k. Let b(p) = 3*p**2 + 2*p - 10. List the prime factors of b(k).
3, 5
Suppose 3*x - 2991 = -3*r - 0*x, 5*x - 3989 = -4*r. List the prime factors of r.
2, 3, 83
What are the prime factors of ((-9)/15*-371)/(1/5)?
3, 7, 53
Let v = 117 + -69. What are the prime factors of v?
2, 3
Let q be (-16)/6*((-63)/4)/7. What are the prime factors of (((-27)/q)/(-3))/(12/800)?
2, 5
Suppose p = w + 4*w + 692, 4*w - 2057 = -3*p. List the prime factors of p.
3, 229
Let n = -1085 - -1866. What are the prime factors of n?
11, 71
Let a(v) = v + 2. Let q be a(1). What are the prime factors of (-10)/q*72/(-30)?
2
Suppose -2*r - 10 = -2*a, -3*a - 5*r + 6 = -9. Suppose -4*p - 393 = -3*t, -t + 9*p - a*p + 139 = 0. What are the prime factors of t?
127
Let o = -6 + 2. Let y = o - -5. List the prime factors of y + 9/3 + -1.
3
Let z = 125 + -242. What are the prime factors of (-4524)/z - 2/6*-1?
3, 13
Let o = -88 - -41. Let q = 104 + o. List the prime factors of q.
3, 19
Suppose 2*s = 2*y - 11178, -y + 5601 = -s - 4*s. List the prime factors of y.
2, 3, 7, 19
Suppose 21 = 9*o + 3. Suppose 3 = 2*l + 4*p + 1, 8 = -o*p. List the prime factors of l.
3
Suppose -18*c + 353 = 3305. Let m = -8 + 7. List the prime factors of 1/(m + (-166)/c).
2, 41
Let r be 154*(-1 - (-3)/2). Let n = r + -26. What are the prime factors of n?
3, 17
Suppose 0 = -23*o + 1168 + 21648. List the prime factors of o.
2, 31
Let q be (3/2 - 1)*4. Let n be ((-3)/q)/((-3)/164). Suppose p = 4*p + b - 46, 3*b = -5*p + n. What are the prime factors of p?
2, 7
Suppose 3*q - 3561 = -4*k, -5*q - 5*k + 920 = -5010. What are the prime factors of q?
7, 13
Let b(r) = -r + 9. Let c be b(9). Suppose v = 5*n + 33, 2*v + 5*n - 141 = -c*n. List the prime factors of v.
2, 29
Suppose m - 10003 = -5*u + 12021, 2*m + 13204 = 3*u. What are the prime factors of u?
2, 3, 367
Suppose 8*l - 1133 = 2051. What are the prime factors of l?
2, 199
What are the prime factors of ((-2)/4)/(10 - (-292611)/(-29260))?
2, 5, 7, 19
Let b(l) be the third derivative of -l**4/24 + 2*l**3/3 + l**2. Let q = -11 - -5. List the prime factors of b(q).
2, 5
Suppose 50390 = 20*h - 8890. What are the prime factors of h?
2, 3, 13, 19
Suppose -199215 = -80*a + 23*a. List the prime factors of a.
3, 5, 233
Let x(c) = -897*c + 104. What are the prime factors of x(-4)?
2, 13, 71
Let o = 114 + -98. Suppose -t - 2*t + 158 = n, o = -4*t. What are the prime factors of n?
2, 5, 17
What are the prime factors of (10495/(-15))/((95/(-30))/19)?
2, 2099
What are the prime factors of (6/4)/(1/(-9740)*-6)?
5, 487
Suppose -7980 = -21*x - 9*x. What are the prime factors of x?
2, 7, 19
Let n(h) = -h**2 + 5*h + 3. Let v be n(5). Let m be -85*((-54)/(-15))/v. What are the prime factors of m/(-9) - 6/(-9)?
2, 3
Suppose 1 = x - 2*h, x - 5 = 2*x - 5*h. Suppose 2*a = -x*b + 374, a + 12 = -3*a. What are the prime factors of b?
2, 19
Let s = 62 - -464. List the prime factors of s.
2, 263
Let z(x) = 3 - 7*x**2 + x**3 + 12*x**2 + 4 - 10*x. List the prime factors of z(4).
3, 37
Suppose -8*c + 3*c + 30 = 5*d, 2*d = 4*c - 12. Suppose -k - 2*v + 0*v + 55 = 0, -d*k + 4*v = -94. List the prime factors of k.
3, 17
Let i(o) = 7*o**2 + 3*o - 7. What are the prime factors of i(-5)?
3, 17
Suppose -3*z + 30 = -39. Suppose -z = -5*r - 3*x, -r + 6*r + 5*x = 25. What are the prime factors of ((-30)/r)/((-3)/8)?
2, 5
Let i(l) = 61*l - 144. List the prime factors of i(8).
2, 43
Let h(l) = -l**3 - 2*l**2 + 3*l + 2. Let i be h(-3). Suppose -15 + 9 = -i*c. Suppose 0 = 3*n - 5*x - 38, -5*x + 74 = n + c*n. List the prime factors of n.
2
Let f(q) = -q**3 + q - 4. Let u be f(-3). Let y be 216/u*20/3. Suppose -x - y = -4*x. List the prime factors of x.
2, 3
Let a(m) = -12*m + 379. What are the prime factors of a(-30)?
739
Let y(v) = -v**3 - 5*v**2 - 4*v - 3. Let x(l) = -l**2 + 3*l + 4. Let w be x(5). What are the prime factors of y(w)?
3, 19
Suppose -715 = -q + 11*g - 7*g, -q + 731 = 4*g. List